x + 14469. Calculate b(-27).
-138
Let q(n) = -130*n**3 + 2*n**2 - 491*n + 490. Calculate q(1).
-129
Let z(c) = c**2 + 57*c + 744. Calculate z(-36).
-12
Let y(p) = 2*p**3 - 42*p**2 - 10390*p + 208595. Determine y(20).
-5
Let u(h) = -h**3 - 30*h**2 + 230*h + 1908. Calculate u(-35).
-17
Let p(v) = -v**2 + 181011*v - 8. Calculate p(0).
-8
Let o(g) = 82*g**2 - 20092*g + 506. Give o(245).
16
Let v(c) = -1125*c + 33938. Determine v(30).
188
Let f(p) = 37213*p + 13954881. Determine f(-375).
6
Let z(g) = 2*g**3 + 49*g**2 - 401*g - 15. Give z(7).
265
Let j(a) = -6*a**2 - 668*a - 18092. Calculate j(-63).
178
Let l(g) = 24152*g - 144507. Determine l(6).
405
Let a(z) = 2*z**2 - 1210*z + 168710. Determine a(386).
-358
Let h(q) = -q**3 + 198*q**2 - 1905*q + 917. Determine h(188).
-3783
Let v(p) = 10*p**2 + 538*p + 1395. Determine v(-51).
-33
Let q(r) = r**2 + 304*r + 18762. Calculate q(-218).
14
Let q(i) = i**3 - 363*i**2 + 2300*i - 949. What is q(6)?
-1
Let v(o) = 915*o - 33561. Calculate v(38).
1209
Let d(a) = 14689*a + 1542349. Give d(-105).
4
Let v(g) = -5*g**3 - 6*g**2 + 19*g + 48. Determine v(-4).
196
Let y(c) = -c**3 - 5*c**2 - 59*c - 739. Determine y(-8).
-75
Let o(p) = -3059*p + 5748. What is o(2)?
-370
Let r(k) = k**3 + 216*k**2 + 1026*k - 7985. Determine r(-211).
-1866
Let k(l) = 597*l**2 + 2340*l + 30. Give k(-4).
222
Let r(x) = -2*x**2 + 188725*x - 2264416. Determine r(12).
-4
Let q(y) = 8755*y + 10619837. Give q(-1213).
22
Let m(b) = 39*b**2 - 42889*b - 42888. Calculate m(-1).
40
Let u(o) = -2*o**3 + 24*o**2 + 21345*o - 192588. Determine u(9).
3
Let k(q) = -3*q**2 + 391*q + 1192. Calculate k(134).
-282
Let t(n) = 29*n**2 + 380*n + 1683. Calculate t(-6).
447
Let b(x) = 44*x + 929. Give b(16).
1633
Let f(k) = 2*k**2 + 318*k - 39883. Determine f(83).
289
Let x(t) = 156*t - 10911. Determine x(70).
9
Let a(o) = -o**3 - 386*o**2 - 503*o - 45460. Calculate a(-385).
-30
Let y(i) = -60*i**3 - 5*i**2 - 17*i - 7. Give y(-2).
487
Let r(a) = -427*a + 6831. Give r(16).
-1
Let a(d) = -2*d**3 + 446*d**2 - 477*d + 7044. Give a(222).
-282
Let x(b) = b**3 + 11*b**2 + 1142*b + 16456. Determine x(-14).
-120
Let i(w) = 1118489*w - 20132805. Give i(18).
-3
Let m(t) = 7*t**2 - 113*t - 573. Calculate m(20).
-33
Let y(z) = z**3 + 26*z**2 - 369*z - 3298. Calculate y(-34).
0
Let c(f) = 2*f**3 - 525*f**2 - 4050*f - 39. What is c(270)?
-39
Let l(x) = -2801*x + 8343. Determine l(3).
-60
Let y(x) = x**3 + 163*x**2 - 2515*x - 433729. Give y(-162).
-55
Let y(u) = -3*u**3 - 31*u**2 + 50*u - 712. What is y(-13)?
-10
Let g(y) = 29750*y - 14369239. Determine g(483).
11
Let n(w) = 5*w**3 + 5*w**2 - 6218*w + 24805. Calculate n(4).
333
Let z(c) = 40*c**2 + 4321*c + 4317. Give z(-1).
36
Let w(f) = -14*f**2 - 95*f - 2046. Calculate w(-20).
-5746
Let x(i) = -i**2 + 83*i - 280. Calculate x(0).
-280
Let l(h) = h**2 - 2105*h - 109938. Give l(-51).
18
Let x(s) = -92557*s - 92646. Give x(-1).
-89
Let k(w) = w**2 - 32280*w + 451740. Determine k(14).
16
Let a(u) = -421*u - 35785. What is a(-85)?
0
Let h(p) = 1251*p - 9195. Give h(8).
813
Let j(n) = 25468*n - 50881. Determine j(2).
55
Let t(v) = -58*v**2 - 1867*v - 343. What is t(-32)?
9
Let b(h) = 2341*h**2 - 838079*h + 353. Determine b(358).
-5
Let u(h) = 25173*h - 1233481. What is u(49)?
-4
Let n(c) = c**2 + 122*c + 2436. Calculate n(-76).
-1060
Let b(s) = s**3 - 398*s**2 + 10356*s + 120. Determine b(28).
8
Let v(y) = 13*y**2 - 553*y + 72. Give v(26).
-5518
Let k(n) = 5*n**3 - 300*n**2 + 14*n - 908. What is k(60)?
-68
Let x(i) = 201*i**2 + 669*i - 2112. Calculate x(2).
30
Let b(s) = -13*s**3 - 88*s**2 + 8*s + 59. Calculate b(-7).
150
Let m(o) = 768*o + 7354. Determine m(-9).
442
Let o(f) = 2288*f - 51314. What is o(23)?
1310
Let h(m) = -m**3 + 19*m**2 + 97*m - 1202. Determine h(21).
-47
Let c(s) = -s**3 + 10*s**2 + 2206*s - 22094. Determine c(10).
-34
Let f(g) = -g**2 - 130*g + 855. Calculate f(17).
-1644
Let p(l) = 21*l**2 - 4999*l + 608. Give p(238).
370
Let p(h) = 1315*h - 43389. Give p(33).
6
Let v(p) = -1766*p + 45721. Give v(27).
-1961
Let c(p) = 204*p - 3831. Calculate c(20).
249
Let s(o) = 957*o + 19998. Give s(-21).
-99
Let f(a) = 13*a**2 - 385*a + 587. What is f(26)?
-635
Let s(u) = 12722*u - 3422218. Calculate s(269).
0
Let r(d) = -d**3 - 26*d**2 - 248*d + 21. Determine r(-8).
853
Let a(b) = 14*b**3 + 513*b**2 - 166*b + 509. What is a(-37)?
-194
Let i(d) = 3*d**2 - 138*d - 6500. Give i(75).
25
Let h(p) = p**3 + 35*p**2 + 297*p + 384. What is h(-23)?
-99
Let i(x) = 2*x**2 - 689*x - 56088. Calculate i(-68).
12
Let r(k) = 3*k**3 - 80*k**2 - 86*k - 82. What is r(28)?
646
Let w(g) = -g**3 - 106*g**2 - 2602*g + 90. Calculate w(-67).
-647
Let c(u) = 12076*u + 374409. Calculate c(-31).
53
Let n(s) = -26759*s - 455568. Calculate n(-17).
-665
Let t(j) = -11940*j + 3773041. Give t(316).
1
Let a(f) = -34*f**3 - 6630*f**2 - 61*f - 11922. What is a(-195)?
-27
Let k(y) = -647*y + 2303. Determine k(3).
362
Let f(g) = 16*g**2 + 298*g + 843. Give f(-24).
2907
Let s(p) = -412*p + 138525. Determine s(336).
93
Let i(j) = -1127*j + 11430. What is i(10)?
160
Let f(u) = u**2 - 14788*u - 890835. What is f(-60)?
45
Let b(a) = 29*a**3 + 10*a**2 + 14339*a - 28684. What is b(2)?
266
Let b(m) = -172*m**2 - 26139*m - 301. Determine b(-152).
-1061
Let x(n) = -n**3 + 46*n**2 - 166*n - 319. Determine x(42).
-235
Let a(q) = -6*q**2 + 402*q - 396. Determine a(69).
-1224
Let c(l) = 731*l - 10497. Give c(13).
-994
Let f(v) = 6*v**2 + 578*v - 63777. Give f(-162).
51
Let p(b) = -583*b - 560. What is p(-7)?
3521
Let u(c) = c**3 + 120*c**2 + 895*c + 656. Determine u(-112).
768
Let x(z) = -z**2 + 9527*z - 275806. Determine x(29).
-364
Let o(z) = 4*z**2 + 17*z - 680. What is o(17)?
765
Let m(t) = -14750*t - 383500. Give m(-26).
0
Let a(o) = -3973*o**2 - 35783*o - 113. Calculate a(-9).
121
Let t(w) = w**2 - 368*w + 5397. What is t(15)?
102
Let m(g) = -147*g**2 + 5752*g - 89. Give m(39).
652
Let m(y) = -6*y**2 + 267*y - 1944. Calculate m(8).
-192
Let o(f) = -91*f**3 - 2*f**2 + 2290*f + 6881. What is o(-3)?
2450
Let u(k) = -56*k**2 + 18193*k + 2278. Give u(325).
3
Let j(v) = -5*v**2 + 53*v + 2390. Determine j(28).
-46
Let j(t) = -8*t - 596. Calculate j(-26).
-388
Let m(u) = u**3 + 127*u**2 + 64*u + 24579. What is m(-128)?
3
Let d(j) = j**2 - 4196*j + 75180. What is d(18)?
-24
Let h(c) = 783*c - 26836. Calculate h(35).
569
Let s(g) = -810*g - 7979. Give s(-10).
121
Let w(y) = 3847*y - 24604. Give w(6).
-1522
Let r(g) = -g**3 - 60*g**2 - 220*g - 27. Calculate r(-56).
-251
Let b(t) = 1175*t**2 + 6777*t - 1639. Calculate b(-6).
-1
Let a(n) = 4*n**2 - 907*n + 8718. Calculate a(10).
48
Let k(o) = 4*o**2 - 1689*o - 9989. What is k(-6)?
289
Let v(b) = -9*b**3 - 850*b**2 + 5957*b - 211. Give v(-101).
-9
Let i(z) = -1543*z + 21593. Give i(14).
-9
Let i(k) = -k**2 - 7762*k + 85515. What is i(11)?
12
Let i(x) = 388*x + 9306. Give i(-22).
770
Let o(y) = 36069*y - 504966. Calculate o(14).
0
Let r(l) = -l**3 - 1237*l**2 + 14983*l + 1. What is r(12)?
-59
Let j(b) = -210*b + 5005. Determine j(25).
-245
Let m(l) = -5*l**3 - l**2 + 25*l - 124. Determine m(0).
-124
Let x(u) = u**3 - 194*u**2 - 799*u + 1431. What is x(198)?
45
Let s(q) = -382*q + 51964. Determine s(136).
12
Let s(d) = d**3 - 6302*d**2 - 31545*d - 57. Determine s(-5).
-7
Let q(z) = -90*z**2 + 166*z + 2253. Give q(6).
9
Let l(q) = q**3 + 30*q**2 - 1254*q - 36687. Give l(-28).
-7
Let d(c) = -c**2 - 1272*c. What is d(0)?
0
Let f(y) = -102459*y - 2561488. Give f(-25).
-13
Let r(d) = -2*d**3 - 2158*d**2 - 4304*d + 4323. Determine r(-1077).
15
Let b(m) = 3*m**3 - 15*m**2 + 134*m - 334. What is b(3)?
14
Let f(x) = -x**3 + 48*x**2 - 712*x + 40576. Give f(50).
-24
Let y(g) = -2602*g + 106635. What is y(41)?
-47
Let j(n) = 216*n - 3774. What is j(18)?
114
Let d(z) = 7*z**2 + 2934*z + 26125. Calculate d(-9).
286
Let d(f) = -7*f**2 + 532*f + 5772. Calculate d(-10).
-248
Let n(y) = -y**2 + 1255*y + 913799. What is n(-516)?
-37
Let t(r) = 3*r**2 + 6651*r - 195423. Determine t(29).
-21
Let h(y) = 13*y**2 - 208*y - 1194. What is h(18)?
-726
Let k(n) = n**3 - 124*n**2 + 963*n - 295. Give k(8).
-15
Let q(z) = 136*z + 2993. What is q(-17)?
681
Let d(v) = v**3 + 218*v**2 + 445*v + 2513. Determine d(-216).
-295
Let i(h) = 351*h + 17259. Calculate i